{"id":572,"date":"2022-01-27T16:47:51","date_gmt":"2022-01-27T20:47:51","guid":{"rendered":"http:\/\/iqbioreu.uprrp.edu\/?page_id=572"},"modified":"2022-08-01T14:07:54","modified_gmt":"2022-08-01T18:07:54","slug":"the-cast-of-season-4","status":"publish","type":"page","link":"https:\/\/iqbioreu.uprrp.edu\/index.php\/the-cast-of-season-4\/","title":{"rendered":"The Cast of Season 4"},"content":{"rendered":"\n<div class=\"wp-block-image\"><figure class=\"alignleft is-resized\"><img loading=\"lazy\" decoding=\"async\" src=\"http:\/\/iqbioreu.uprrp.edu\/wordpress\/wp-content\/uploads\/2022\/07\/Screen-Shot-2022-07-25-at-2.46.17-PM.png\" alt=\"\" class=\"wp-image-592\" width=\"200\" height=\"200\" srcset=\"https:\/\/iqbioreu.uprrp.edu\/wordpress\/wp-content\/uploads\/2022\/07\/Screen-Shot-2022-07-25-at-2.46.17-PM-150x150.png 150w, https:\/\/iqbioreu.uprrp.edu\/wordpress\/wp-content\/uploads\/2022\/07\/Screen-Shot-2022-07-25-at-2.46.17-PM-300x298.png 300w, https:\/\/iqbioreu.uprrp.edu\/wordpress\/wp-content\/uploads\/2022\/07\/Screen-Shot-2022-07-25-at-2.46.17-PM-100x100.png 100w\" sizes=\"(max-width: 200px) 100vw, 200px\" \/><\/figure><\/div>\n\n\n\n<p><strong>Laura C. Ben\u00edtez Montalvo<\/strong> is a rising junior at the <strong><em>Pontifical Catholic University of Puerto Rico \u2013 Ponce Campus<\/em><\/strong><em> <\/em>majoring in Biomedical Sciences, with a minor in Biology. She is interested in pursuing a PhD in cellular-molecular biology and the development of biopharmaceuticals and immunotherapies. This summer, she is working with Dr. Esther A. Peterson-Peguero on the characterization of the role of estrogen in inflammatory breast cancer\u2019s molecular signature and its differential gene expression profiles through bioinformatics<\/p>\n\n\n\n<div class=\"wp-block-image\"><figure class=\"alignright is-resized\"><img loading=\"lazy\" decoding=\"async\" src=\"http:\/\/iqbioreu.uprrp.edu\/wordpress\/wp-content\/uploads\/2022\/08\/Screen-Shot-2022-08-01-at-2.59.08-PM.png\" alt=\"\" class=\"wp-image-607\" width=\"210\" height=\"210\" srcset=\"https:\/\/iqbioreu.uprrp.edu\/wordpress\/wp-content\/uploads\/2022\/08\/Screen-Shot-2022-08-01-at-2.59.08-PM-150x150.png 150w, https:\/\/iqbioreu.uprrp.edu\/wordpress\/wp-content\/uploads\/2022\/08\/Screen-Shot-2022-08-01-at-2.59.08-PM-298x300.png 298w, https:\/\/iqbioreu.uprrp.edu\/wordpress\/wp-content\/uploads\/2022\/08\/Screen-Shot-2022-08-01-at-2.59.08-PM-100x100.png 100w\" sizes=\"(max-width: 210px) 100vw, 210px\" \/><\/figure><\/div>\n\n\n\n<p><strong>Sebasti\u00e1n J. Borrero VIllabol <\/strong>is a rising senior at the <em><strong>University of Puerto Rico-Mayag\u00fcez<\/strong><\/em>, where he is majoring in Industrial Microbiology. Sebasti\u00e1n has great interest in bioinformatics and genomics research, and will pursue a PhD in bioinformatics. This summer, he worked under the mentorship of Dr. Jos\u00e9 Arcadio Rodr\u00edguez, to adapt gapped k-mer Support Vector Machines to build a DNA-binding specificity model capable of scoring all possible DNA sequences for the transcription factor NKX2-5.<\/p>\n\n\n\n<div class=\"wp-block-image\"><figure class=\"alignleft is-resized\"><img loading=\"lazy\" decoding=\"async\" src=\"http:\/\/iqbioreu.uprrp.edu\/wordpress\/wp-content\/uploads\/2022\/08\/Screen-Shot-2022-08-01-at-3.04.23-PM.png\" alt=\"\" class=\"wp-image-609\" width=\"200\" height=\"200\" srcset=\"https:\/\/iqbioreu.uprrp.edu\/wordpress\/wp-content\/uploads\/2022\/08\/Screen-Shot-2022-08-01-at-3.04.23-PM.png 780w, https:\/\/iqbioreu.uprrp.edu\/wordpress\/wp-content\/uploads\/2022\/08\/Screen-Shot-2022-08-01-at-3.04.23-PM-150x150.png 150w, https:\/\/iqbioreu.uprrp.edu\/wordpress\/wp-content\/uploads\/2022\/08\/Screen-Shot-2022-08-01-at-3.04.23-PM-300x300.png 300w, https:\/\/iqbioreu.uprrp.edu\/wordpress\/wp-content\/uploads\/2022\/08\/Screen-Shot-2022-08-01-at-3.04.23-PM-768x768.png 768w, https:\/\/iqbioreu.uprrp.edu\/wordpress\/wp-content\/uploads\/2022\/08\/Screen-Shot-2022-08-01-at-3.04.23-PM-100x100.png 100w\" sizes=\"(max-width: 200px) 100vw, 200px\" \/><\/figure><\/div>\n\n\n\n<p><strong>Jahlisse Bruton<\/strong> is a rising junior at <strong><em>Boston University<\/em><\/strong> studying biology. She hopes to incorporate both fieldwork and wet lab work into her future career. This summer, she is working with Garc\u00eda-Arrar\u00e1s to discover if a gene that codes for an insulin-like peptide is found in <em>Holothuria glaberrima<\/em>, and the conditions that might surround its increased or decreased level of expression. <\/p>\n\n\n\n<p><strong>Emma Courtney&#8230;COMING SOON!<\/strong><\/p>\n\n\n\n<div class=\"wp-block-image\"><figure class=\"alignleft is-resized\"><img loading=\"lazy\" decoding=\"async\" src=\"http:\/\/iqbioreu.uprrp.edu\/wordpress\/wp-content\/uploads\/2022\/07\/Screen-Shot-2022-07-28-at-12.17.23-PM.png\" alt=\"\" class=\"wp-image-599\" width=\"220\" height=\"220\" srcset=\"https:\/\/iqbioreu.uprrp.edu\/wordpress\/wp-content\/uploads\/2022\/07\/Screen-Shot-2022-07-28-at-12.17.23-PM-150x150.png 150w, https:\/\/iqbioreu.uprrp.edu\/wordpress\/wp-content\/uploads\/2022\/07\/Screen-Shot-2022-07-28-at-12.17.23-PM-300x298.png 300w, https:\/\/iqbioreu.uprrp.edu\/wordpress\/wp-content\/uploads\/2022\/07\/Screen-Shot-2022-07-28-at-12.17.23-PM-100x100.png 100w\" sizes=\"(max-width: 220px) 100vw, 220px\" \/><\/figure><\/div>\n\n\n\n<p><strong>Luis de Pablo<\/strong> is a senior at <em><strong>Amherst College<\/strong><\/em> doing a double major in Biology and Music with a certificate in Coastal and Marine Sciences. Luis is interested in applying computer vision to the study of coastal ecosystems. This summer, he is working with Dr. Carla Restrepo using remotely sensed imagery to investigate lithology in the Sierra de Las Minas mountain range in Guatemala. Luis aims to create lithological maps for this previously poorly-mapped region, with the ultimate goal of predicting landslide risk factors. In his free time, Luis enjoys playing soccer and tennis and playing guitar and piano with his band.<br><\/p>\n\n\n\n<p><strong>David Hernandez&#8230;COMING SOON!<\/strong><\/p>\n\n\n\n<p><strong>Melissa Lozada&#8230;COMING SOON!<\/strong><\/p>\n\n\n\n<div class=\"wp-block-image\"><figure class=\"alignright is-resized\"><img loading=\"lazy\" decoding=\"async\" src=\"http:\/\/iqbioreu.uprrp.edu\/wordpress\/wp-content\/uploads\/2022\/07\/Screen-Shot-2022-07-25-at-2.46.52-PM.png\" alt=\"\" class=\"wp-image-593\" width=\"200\" height=\"200\" srcset=\"https:\/\/iqbioreu.uprrp.edu\/wordpress\/wp-content\/uploads\/2022\/07\/Screen-Shot-2022-07-25-at-2.46.52-PM-150x150.png 150w, https:\/\/iqbioreu.uprrp.edu\/wordpress\/wp-content\/uploads\/2022\/07\/Screen-Shot-2022-07-25-at-2.46.52-PM-100x100.png 100w\" sizes=\"(max-width: 200px) 100vw, 200px\" \/><\/figure><\/div>\n\n\n\n<p><strong>Luke Meyers<\/strong> is a rising junior at <strong><em>Seattle University<\/em><\/strong><em> <\/em>majoring in Marine and Conservation Biology and Spanish. He hopes to integrate his side passion for robotics into his future conservation-oriented research. He is working this summer with Dr. Remi M\u00e9gret to automate behavioral studies of honeybees in the field by developing a video identification and tracking pipeline based on machine learning tools.&nbsp; <\/p>\n\n\n\n<div class=\"wp-block-image\"><figure class=\"alignleft is-resized\"><img loading=\"lazy\" decoding=\"async\" src=\"http:\/\/iqbioreu.uprrp.edu\/wordpress\/wp-content\/uploads\/2022\/08\/Screen-Shot-2022-08-01-at-3.01.23-PM.png\" alt=\"\" class=\"wp-image-608\" width=\"200\" height=\"200\" srcset=\"https:\/\/iqbioreu.uprrp.edu\/wordpress\/wp-content\/uploads\/2022\/08\/Screen-Shot-2022-08-01-at-3.01.23-PM.png 776w, https:\/\/iqbioreu.uprrp.edu\/wordpress\/wp-content\/uploads\/2022\/08\/Screen-Shot-2022-08-01-at-3.01.23-PM-150x150.png 150w, https:\/\/iqbioreu.uprrp.edu\/wordpress\/wp-content\/uploads\/2022\/08\/Screen-Shot-2022-08-01-at-3.01.23-PM-300x300.png 300w, https:\/\/iqbioreu.uprrp.edu\/wordpress\/wp-content\/uploads\/2022\/08\/Screen-Shot-2022-08-01-at-3.01.23-PM-768x770.png 768w, https:\/\/iqbioreu.uprrp.edu\/wordpress\/wp-content\/uploads\/2022\/08\/Screen-Shot-2022-08-01-at-3.01.23-PM-100x100.png 100w\" sizes=\"(max-width: 200px) 100vw, 200px\" \/><\/figure><\/div>\n\n\n\n<p><strong>Angelie M. N\u00fa\u00f1ez Col\u00f3n<\/strong> is a rising junior at the <strong><em>University of Puerto Rico- Ponce<\/em><\/strong> majoring in Biology with a concentration in Biotechnology. Angelie has a great interest in human biology and chemistry, and she is interested in pursuing graduate studies. This summer she is working with Dr. Imilce Rodr\u00edguez in the identification of genes in <em>L. plantarum <\/em>capable of activating the transcription factor Nrf2\/CncC in the intestine of the fruit fly. In her free time, Angelie enjoys watching documentaries and drawing.<\/p>\n\n\n\n<p><\/p>\n","protected":false},"excerpt":{"rendered":"<p>Laura C. Ben\u00edtez Montalvo is a rising junior at the Pontifical Catholic University of Puerto Rico \u2013 Ponce Campus majoring in Biomedical Sciences, with a minor in Biology. She is interested in pursuing a PhD in cellular-molecular biology and the development of biopharmaceuticals and immunotherapies. This summer, she is working with Dr. Esther A. Peterson-Peguero &hellip; <\/p>\n<p class=\"link-more\"><a href=\"https:\/\/iqbioreu.uprrp.edu\/index.php\/the-cast-of-season-4\/\" class=\"more-link\">Continue reading<span class=\"screen-reader-text\"> &#8220;The Cast of Season 4&#8221;<\/span><\/a><\/p>\n","protected":false},"author":2,"featured_media":0,"parent":0,"menu_order":0,"comment_status":"closed","ping_status":"closed","template":"","meta":{"footnotes":""},"_links":{"self":[{"href":"https:\/\/iqbioreu.uprrp.edu\/index.php\/wp-json\/wp\/v2\/pages\/572"}],"collection":[{"href":"https:\/\/iqbioreu.uprrp.edu\/index.php\/wp-json\/wp\/v2\/pages"}],"about":[{"href":"https:\/\/iqbioreu.uprrp.edu\/index.php\/wp-json\/wp\/v2\/types\/page"}],"author":[{"embeddable":true,"href":"https:\/\/iqbioreu.uprrp.edu\/index.php\/wp-json\/wp\/v2\/users\/2"}],"replies":[{"embeddable":true,"href":"https:\/\/iqbioreu.uprrp.edu\/index.php\/wp-json\/wp\/v2\/comments?post=572"}],"version-history":[{"count":12,"href":"https:\/\/iqbioreu.uprrp.edu\/index.php\/wp-json\/wp\/v2\/pages\/572\/revisions"}],"predecessor-version":[{"id":611,"href":"https:\/\/iqbioreu.uprrp.edu\/index.php\/wp-json\/wp\/v2\/pages\/572\/revisions\/611"}],"wp:attachment":[{"href":"https:\/\/iqbioreu.uprrp.edu\/index.php\/wp-json\/wp\/v2\/media?parent=572"}],"curies":[{"name":"wp","href":"https:\/\/api.w.org\/{rel}","templated":true}]}}